digit of 4274009?
4
What is the units digit of 229787?
7
What is the ten thousands digit of 338328?
3
What is the units digit of 927082?
2
What is the thousands digit of 2622521?
2
What is the hundreds digit of 8704757?
7
What is the hundred thousands digit of 6309345?
3
What is the tens digit of 19401621?
2
What is the ten thousands digit of 436507?
3
What is the hundred thousands digit of 737058?
7
What is the units digit of 277991?
1
What is the millions digit of 15721987?
5
What is the thousands digit of 814385?
4
What is the hundred thousands digit of 881701?
8
What is the tens digit of 2005150?
5
What is the hundred thousands digit of 571756?
5
What is the ten thousands digit of 272390?
7
What is the thousands digit of 767264?
7
What is the ten thousands digit of 2415360?
1
What is the hundreds digit of 22283603?
6
What is the tens digit of 2034019?
1
What is the tens digit of 168048?
4
What is the tens digit of 93734?
3
What is the units digit of 1360984?
4
What is the hundreds digit of 187179?
1
What is the ten thousands digit of 250246?
5
What is the ten thousands digit of 5186539?
8
What is the ten thousands digit of 7253051?
5
What is the hundred thousands digit of 10043028?
0
What is the thousands digit of 359639?
9
What is the hundreds digit of 156467?
4
What is the hundreds digit of 1553741?
7
What is the thousands digit of 8827039?
7
What is the units digit of 49100?
0
What is the hundreds digit of 32228688?
6
What is the hundreds digit of 787557?
5
What is the thousands digit of 5666299?
6
What is the hundreds digit of 6542805?
8
What is the tens digit of 63224?
2
What is the thousands digit of 699997?
9
What is the hundreds digit of 419575?
5
What is the ten thousands digit of 2690959?
9
What is the thousands digit of 1200194?
0
What is the hundreds digit of 400768?
7
What is the units digit of 143328?
8
What is the millions digit of 2696883?
2
What is the units digit of 10401539?
9
What is the hundreds digit of 737503?
5
What is the tens digit of 1520187?
8
What is the ten thousands digit of 429939?
2
What is the ten thousands digit of 250094?
5
What is the units digit of 438566?
6
What is the units digit of 693450?
0
What is the tens digit of 609988?
8
What is the hundred thousands digit of 504637?
5
What is the units digit of 1164624?
4
What is the ten millions digit of 34037209?
3
What is the millions digit of 9674972?
9
What is the hundreds digit of 339605?
6
What is the hundreds digit of 424279?
2
What is the tens digit of 486414?
1
What is the hundreds digit of 224068?
0
What is the ten thousands digit of 61321?
6
What is the units digit of 1647059?
9
What is the hundreds digit of 352487?
4
What is the ten thousands digit of 6555038?
5
What is the thousands digit of 995245?
5
What is the millions digit of 1541437?
1
What is the units digit of 404064?
4
What is the hundred thousands digit of 758980?
7
What is the hundreds digit of 4916654?
6
What is the hundred thousands digit of 359532?
3
What is the thousands digit of 1652975?
2
What is the tens digit of 223451?
5
What is the tens digit of 396199?
9
What is the ten thousands digit of 2715595?
1
What is the units digit of 6203809?
9
What is the tens digit of 7740242?
4
What is the tens digit of 1776531?
3
What is the hundred thousands digit of 181467?
1
What is the tens digit of 118874?
7
What is the ten thousands digit of 158070?
5
What is the hundred thousands digit of 163454?
1
What is the millions digit of 2339157?
2
What is the tens digit of 4752676?
7
What is the hundreds digit of 4552363?
3
What is the millions digit of 1696978?
1
What is the thousands digit of 306376?
6
What is the units digit of 363098?
8
What is the units digit of 571624?
4
What is the thousands digit of 244435?
4
What is the tens digit of 152704?
0
What is the tens digit of 12370?
7
What is the ten millions digit of 25858357?
2
What is the hundred thousands digit of 7829486?
8
What is the ten millions digit of 12517049?
1
What is the ten thousands digit of 452784?
5
What is the hundred thousands digit of 30400786?
4
What is the thousands digit of 5067420?
7
What is the thousands digit of 176094?
6
What is the tens digit of 1812396?
9
What is the thousands digit of 7337810?
7
What is the hundreds digit of 3504540?
5
What is the units digit of 132830?
0
What is the ten thousands digit of 3068862?
6
What is the ten thousands digit of 476158?
7
What is the tens digit of 486861?
6
What is the thousands digit of 626177?
6
What is the ten thousands digit of 1360928?
6
What is the tens digit of 248247?
4
What is the hundreds digit of 4844093?
0
What is the ten thousands digit of 184601?
8
What is the hundred thousands digit of 19364810?
3
What is the millions digit of 4560798?
4
What is the units digit of 3017812?
2
What is the thousands digit of 13530075?
0
What is the thousands digit of 547518?
7
What is the units digit of 55506?
6
What is the thousands digit of 11993213?
3
What is the thousands digit of 44715?
4
What is the thousands digit of 4653074?
3
What is the thousands digit of 261233?
1
What is the tens digit of 603676?
7
What is the thousands digit of 1144187?
4
What is the tens digit of 593295?
9
What is the thousands digit of 2237917?
7
What is the ten thousands digit of 8897351?
9
What is the tens digit of 630953?
5
What is the tens digit of 590120?
2
What is the millions digit of 9476737?
9
What is the hundreds digit of 168104?
1
What is the hundred thousands digit of 341379?
3
What is the tens digit of 492837?
3
What is the hundreds digit of 4578382?
3
What is the hundreds digit of 2093322?
3
What is the thousands digit of 1198843?
8
What is the thousands digit of 21003621?
3
What is the ten thousands digit of 1348739?
4
What is the hundreds digit of 1212653?
6
What is the thousands digit of 360522?
0
What is the units digit of 3042836?
6
What is the thousands digit of 311787?
1
What is the ten thousands digit of 1287637?
8
What is the thousands digit of 21091788?
1
What is the tens digit of 135940?
4
What is the units digit of 37454371?
1
What is the millions digit of 3572178?
3
What is the tens digit of 2499458?
5
What is the tens digit of 517684?
8
What is the hundreds digit of 378492?
4
What is the hundred thousands digit of 2525906?
5
What is the hundred thousands digit of 471905?
4
What is the millions digit of 1026972?
1
What is the millions digit of 3006092?
3
What is the hundreds digit of 7640372?
3
What is the thousands digit of 261273?
1
What is the hundred thousands digit of 4829385?
8
What is the thousands digit of 512901?
2
What is the units digit of 3743?
3
What is the tens digit of 16311406?
0
What is the tens digit of 16782700?
0
What is the units digit of 13808022?
2
What is the tens digit of 846401?
0
What is the tens digit of 2818025?
2
What is the hundred thousands digit of 819877?
8
What is the millions digit of 1912199?
1
What is the ten thousands digit of 8419990?
1
What is the millions digit of 1142257?
1
What is the hundred thousands digit of 1037611?
0
What is the thousands digit of 3574509?
4
What is the millions digit of 1459811?
1
What is the thousands digit of 3447870?
7
What is the hundreds digit of 1272729?
7
What is the tens digit of 345824?
2
What is the tens digit of 15110984?
8
What is the tens digit of 17953002?
0
What is the hundreds digit of 11085572?
5
What is the tens digit of 385593?
9
What is the hundreds digit of 28718003?
0
What is the ten thousands digit of 1504715?
0
What is the hundred thousands digit of 5825475?
8
What is the hundred thousands digit of 4758882?
7
What is the thousands digit of 164284?
4
What is the millions digit of 37235138?
7
What is the ten thousands digit of 1048033?
4
What is the hundreds digit of 152701?
7
What is the hundreds digit of 8955401?
4
What is the units digit of 107348?
8
What is the units digit of 288249?
9
What is the tens digit of 201008?
0
What is the units digit of 277020?
0
What is the hundreds digit of 5162678?
6
What is the ten millions digit of 10860151?
1
What is the units digit of 67154?
4
What is the tens digit of 10403255?
5
What is the tens digit of 323085?
8
What is the ten thousands digit of 2241758?
4
What is the millions digit of 18846390?
8
What is the millions digit of 11230627